 z - 37. Let v be y(0). Let x = -20 - v. What are the prime factors of x?
17
Let l be 2 - (2 + (-19 - 1)). Let h be (-33)/(-4) + (-5)/l. List the prime factors of (1 + h)/((-9)/(-6)).
2, 3
Suppose -y + 14 = -5*u, 3*y - 5*u - 20 = -u. Let h(s) = -s**3 + 5*s**2 - 2*s + 5. What are the prime factors of h(y)?
13
Let l(d) = -d**3 - 4*d**2 - 3*d + 3. Let r be l(-3). Suppose -2*w - r*q = -104, 0 = -3*q + 4*q + 4. What are the prime factors of w?
2, 29
What are the prime factors of (12 - 26)/((-2)/4)?
2, 7
Suppose 30 = -4*a - a. Let c(r) = -r - 1. What are the prime factors of c(a)?
5
Let u(g) = -26*g - 2. Let w be u(-2). Suppose w = -6*v + v. List the prime factors of 78/15 + 2/v.
5
Let x(j) = 2*j**2 - 2*j + 1. Let i be x(2). Suppose 4*q - 37 = -i*n + 30, -5*n - 37 = -4*q. What are the prime factors of q?
13
Suppose -3*g + 100 = -2*b + 3*b, g = b + 32. List the prime factors of g.
3, 11
Suppose 0 = 2*m - 5*g + 44, 16 = 5*g - 4. List the prime factors of (15/m)/(3/(-12)).
5
Let o = 42 + -32. Let y be (0 - 3)*4/(-6). Suppose -o - 12 = -y*k. List the prime factors of k.
11
List the prime factors of ((-26)/(-8))/((-7)/(-84)).
3, 13
Suppose 2*v - 6 + 18 = 0. Let m(a) = a**3 + 7*a**2 + 5*a + 6. What are the prime factors of m(v)?
2, 3
Suppose -s = -2*s + 4. Suppose -2*n + 50 = 2*n + 3*q, 21 = n + 5*q. Suppose 1 + n = s*m. What are the prime factors of m?
3
Suppose 0 = -5*c - 2*q - q - 10, 4 = -2*c + q. Let r = 6 + c. What are the prime factors of r?
2
Suppose -3*h + 168 = -2*y, -5*y + 2*h = 7*h + 470. Suppose -38 = -2*c - 14. What are the prime factors of 8/(-10)*y/c?
2, 3
Suppose 0 = -5*j - 0*c + c + 127, 4*c + 33 = j. Let l = 43 - j. What are the prime factors of l?
2, 3
Let s = -7 + 11. Suppose 4*n = 160 + 132. Suppose -s*d - 5*z = -0*z - n, -d - 2*z = -22. List the prime factors of d.
2, 3
Let v = -29 + 45. Let l = v + 6. List the prime factors of l.
2, 11
Suppose 2*p + 36 = f, -f - 2*f = 2*p - 148. What are the prime factors of f?
2, 23
Let g(h) = -h**3 - 6*h**2 - 4*h + 5. Let u be g(-5). Let f = 5 + u. List the prime factors of f.
5
Let n(o) = -o**2 - 10*o - 5. Let u be n(-4). Suppose 0*p - u = -p. List the prime factors of p.
19
Let m(i) = i**3 + 6*i**2 - 3*i - 1. List the prime factors of m(-3).
5, 7
Let u = 113 + -2. List the prime factors of u.
3, 37
Let j = -17 - -19. List the prime factors of j.
2
Let n be 2/7 - 318/(-14). Let g = n - 14. What are the prime factors of g?
3
Let t(y) be the second derivative of y**4/12 + 5*y**3/6 + 5*y**2/2 - 3*y. List the prime factors of t(-6).
11
Suppose -30 + 156 = 3*p. What are the prime factors of p?
2, 3, 7
Let c(t) = 28*t - 1. Let f be c(-3). Let m = -49 - f. List the prime factors of m.
2, 3
Let f be ((-8)/10)/(2/(-10)). Suppose f*d + d - 10 = 0. Suppose 25 = d*o + 7. What are the prime factors of o?
3
Suppose 0 = 4*l - 10 - 14. List the prime factors of 57*((-16)/l - -3).
19
Suppose 2*c = -z + 1, -z + c = -c - 1. Let w be -3 + 6 - (1 - 1). Suppose w*d + z = 16. List the prime factors of d.
5
Let b(w) = 7*w. Let m(x) = x - 1. Let r(s) = b(s) - 4*m(s). Suppose -4 = 4*n - 24. List the prime factors of r(n).
19
Suppose 3*a + 189 = 5*g, -150 = -3*g - g + 2*a. Suppose -3*y - g = -7*y. List the prime factors of y.
3
Let k = 116 - 4. List the prime factors of k.
2, 7
Suppose -2*f = 3*f - 15. Suppose 5 = -5*u + 5*x, 0 = -3*x + f + 12. Suppose r = u*b - 3*r - 8, 5*b = 2*r + 13. List the prime factors of b.
3
Suppose -2*p - 27 + 5 = 0. Let n = p + 22. List the prime factors of n.
11
Suppose 5*h + 3*t - t = 6, -4*h - 2*t = -4. List the prime factors of h.
2
Suppose -m = -2*p + 150, -3*m - 80 = 5*p - 455. Suppose -3*v + p = -4*u, 5*u - 2*u + 50 = v. What are the prime factors of (36/u + 3)*5?
3
Let m be 10 - (0 + 1 + 1). Suppose 0*t - m = -2*t. Suppose 0 = 3*d + t*w - 3 - 2, 4*w + 4 = 0. List the prime factors of d.
3
Let s = -252 - -440. What are the prime factors of s?
2, 47
Let c be (-1)/4 - (-83)/(-4). Let q be 4/(-6) + (-8)/6. Let b = q - c. What are the prime factors of b?
19
Suppose -5*w = -0*w - 3*f + 4, 3*f = 2*w + 7. Let n be ((-4)/1)/(w/2). Let o = 9 - n. What are the prime factors of o?
17
Suppose 3*j - 5*b = -9, -3 = j - 3*b + 4. Suppose -4*s = s + 3*q + 15, -5*q + 13 = j*s. Let f = s + 10. What are the prime factors of f?
2
Suppose 4*g = 3*y - 192, 2*g + 85 = 4*y - 161. List the prime factors of y.
2, 3, 5
Let p be (2 - 3)/((-1)/(-3)). Let c(h) = 4*h. Let k(j) = -5*j. Let u(b) = -4*c(b) - 3*k(b). What are the prime factors of u(p)?
3
Suppose 4*t - s = 154, 2*t = 5*s + 61 + 7. Let x = t + -27. Suppose 3*i - x - 36 = 0. What are the prime factors of i?
2
Let o = 59 - 33. What are the prime factors of o?
2, 13
Let g = 4 - 4. Let h = g + 3. List the prime factors of h.
3
What are the prime factors of 315 - (3 - 5 - 2)?
11, 29
Let n = -11 + 15. Let a be ((-2)/(-4))/((-6)/(-252)). Suppose -a = n*l - 5*l. What are the prime factors of l?
3, 7
Let w be (3/(-2))/((-4)/(-24)). Let p(f) = f + 15. What are the prime factors of p(w)?
2, 3
List the prime factors of -10*1*6/(-15).
2
Suppose -5*v - 13 = -s + 5*s, -11 = 4*s + 3*v. Let c = s - -20. List the prime factors of c.
2, 3
Let s(q) = 2*q. Let z be s(4). Let i(t) = 0*t**2 + 3 - 2*t + z*t + t**2. List the prime factors of i(-6).
3
Suppose -4*f = -b + 12, 5*b + 5*f = 3*f + 60. What are the prime factors of b?
2, 3
Suppose -134 = -2*k + 82. What are the prime factors of k?
2, 3
Suppose 11*c + 12 = 13*c. Let x = c - -2. List the prime factors of x.
2
Suppose 6*v - 284 = 10. List the prime factors of v.
7
Let t(u) = u**2 - 3*u - 4. List the prime factors of t(9).
2, 5
Let d = 11 + -8. Suppose 2*m - d*m = -2. Suppose 0 = -m*j + 2*p + 18, 1 + 0 = p. List the prime factors of j.
2, 5
Suppose 5*l - 33 = -2*t, 5*t + 2*l - 40 = -2*l. Let z be (t + -1)/(-3) + 4. Suppose z*u = -0*u + 30. What are the prime factors of u?
2, 5
Suppose -2*s - d = s - 382, 3*s - 5*d - 358 = 0. What are the prime factors of s?
2, 3, 7
Let j be (1 + -8)*(1 + 0). Let w(y) = y**2 + 11. Let k(h) = -h + 1. Let m(g) = -6*k(g) + w(g). List the prime factors of m(j).
2, 3
Suppose 5*x - 15 + 0 = 0. Let l(k) = -3*k**3 + 1 + 4*k**3 - 2*k**x + 11*k**2 + k. List the prime factors of l(11).
2, 3
Let a be (15 - -4) + 3 + -4. Suppose v = 2*v - a. List the prime factors of v.
2, 3
Suppose -5*s + 13 = -27. List the prime factors of s - (-1 + -1 + -1).
11
Suppose p - 109 = -4*y, 0*y - p - 99 = -4*y. Let t = y - -26. List the prime factors of t.
2, 13
Suppose 3*l - 6 = -x + 3*x, -2*x = 0. Let n be ((-1)/(-3))/(l/6). Suppose -s = -10 - n. List the prime factors of s.
11
Let n = 0 + 3. Suppose -2*f = 2, 4*o = n*o - 4*f. Suppose 3*x = -u + 30, o*x - 37 = -u - 2. List the prime factors of u.
3, 5
Let f = -12 + 20. Suppose 0 = -3*j + 4 + f. Suppose -55 = -j*h + 4*z - z, -4*z = -5*h + 70. List the prime factors of h.
2, 5
Let n be 9 + 1/((-1)/2). Suppose -d = -h + 3, -d + 6 = 4*d + 2*h. Suppose -n = -d*w - w. List the prime factors of w.
7
Let v(o) = -2*o - o + 3*o - 3*o**3 + o**2. What are the prime factors of v(-1)?
2
Suppose 0 = -4*h + 21 - 1. Suppose -5*d + j = 5*j - 15, h*d - 4*j - 15 = 0. What are the prime factors of d?
3
Let c be 4/(-16) - 23/4. Let h = c + 10. Suppose s - 2*s = z - h, -2*s = z. List the prime factors of z.
2
List the prime factors of -31*(8 + -11)*2/3.
2, 31
Let q = 14 + -10. What are the prime factors of q?
2
Suppose -2*a - a - 3*h = 0, 3*h = -9. Suppose -y = -4*b - 137, 0 = 3*y - a. Let i = b - -52. What are the prime factors of i?
2, 3
Let y(p) = p**3 + p**2 + p + 35. List the prime factors of y(0).
5, 7
Let l(r) = -r**3 - r**2 + r - 1. Let o be l(2). Let t = o + 31. What are the prime factors of t?
2, 5
Let y(v) = v**2 - 7*v - 1. Let a(c) = -c. Let m be a(-7). Let n be y(m). List the prime factors of n/4 + 26/8.
3
Suppose 4*i - 5*a - 15 = 0, -5*i = -4*i - a - 3. Suppose 0 = 3*p + g - i*g - 14, -16 = -2*p - 2*g. List the prime factors of p.
3
Let a = -6 - -19. Suppose 5*k - 3 + a = o, 1 = o + 4*k. What are the prime factors of o?
5
Let q = 11 - 8. Suppose -3*w - 4*b + 22 = -2*b, 0 = -q*w - b + 23. What are the prime factors of w?
2
Let b = 18 - -13. List the prime factors of b.
31
Let n(i) be the second derivative of i**4/12 + i**3/2 - 3*i**2/2 + i. Let x be n(-4). Suppose -x = v + 3*q, 2